
Is 10 a factor of 103010?
True
Is 12793 a multiple of 12?
False
Does 145 divide 1061602?
False
Is 227467 a multiple of 16?
False
Is 335850 a multiple of 15?
True
Is 440968 a multiple of 7?
False
Is 430329 a multiple of 13?
False
Is 668549 a multiple of 38?
False
Is 293925 a multiple of 25?
True
Is 8 a factor of 639544?
True
Is 5613178 a multiple of 43?
False
Is 29 a factor of 1551184?
False
Is 92008 a multiple of 53?
True
Is 12 a factor of 1872312?
True
Is 248 a factor of 171616?
True
Is 1705 a multiple of 11?
True
Is 22 a factor of 666930?
True
Is 2202945 a multiple of 265?
True
Does 47 divide 2045669?
False
Does 85 divide 15861074?
False
Is 160 a factor of 1390560?
True
Does 176 divide 698896?
True
Is 51 a factor of 673459?
False
Does 20 divide 144880?
True
Is 296228 a multiple of 19?
False
Is 65 a factor of 3498300?
True
Does 872 divide 5009436?
False
Does 10 divide 112693?
False
Is 3 a factor of 187161?
True
Is 1115848 a multiple of 9?
False
Is 77 a factor of 196207?
False
Is 27 a factor of 427086?
True
Does 491 divide 90835?
True
Is 10717133 a multiple of 2617?
False
Is 157 a factor of 271767?
True
Does 4 divide 27027?
False
Is 330150 a multiple of 213?
True
Is 170 a factor of 180542?
False
Is 67833 a multiple of 9?
True
Is 8 a factor of 988872?
True
Is 104400 a multiple of 300?
True
Is 3343410 a multiple of 1566?
True
Is 109 a factor of 6373633?
False
Is 163 a factor of 2494277?
False
Does 12 divide 1023400?
False
Is 207204 a multiple of 22?
False
Does 203 divide 1088689?
True
Does 290 divide 451240?
True
Does 187 divide 115741?
False
Is 421887 a multiple of 88?
False
Is 672452 a multiple of 34?
True
Is 14137238 a multiple of 61?
True
Does 3 divide 921?
True
Is 270230 a multiple of 15?
False
Does 12 divide 48794?
False
Is 25989 a multiple of 4?
False
Is 73 a factor of 6191130?
True
Is 20254155 a multiple of 15?
True
Does 624 divide 328224?
True
Is 2087955 a multiple of 9?
True
Does 21 divide 6349623?
True
Is 216 a factor of 3567044?
False
Is 520 a factor of 626266?
False
Does 11 divide 17978?
False
Is 3405468 a multiple of 47?
False
Does 65 divide 97444?
False
Is 75680 a multiple of 117?
False
Is 17 a factor of 71689?
True
Is 18579204 a multiple of 252?
True
Is 444 a factor of 2304804?
True
Does 24 divide 297516?
False
Is 421623 a multiple of 176?
False
Does 22 divide 96031?
False
Is 490844 a multiple of 10?
False
Is 1861184 a multiple of 26?
True
Does 126 divide 1554907?
False
Does 119 divide 1132128?
False
Is 3754084 a multiple of 92?
False
Is 74 a factor of 29136?
False
Is 35 a factor of 3138877?
False
Is 84 a factor of 99036?
True
Is 2140818 a multiple of 23?
False
Does 150 divide 417600?
True
Is 53064 a multiple of 36?
True
Is 4 a factor of 302460?
True
Does 37 divide 373076?
False
Is 2577792 a multiple of 16?
True
Does 431 divide 121479?
False
Is 202725 a multiple of 255?
True
Does 6 divide 8421381?
False
Is 4298275 a multiple of 29?
False
Is 49 a factor of 298490?
False
Does 12 divide 449028?
True
Does 38 divide 449768?
True
Does 3 divide 13712?
False
Does 20 divide 1153840?
True
Is 392108 a multiple of 128?
False
Is 2 a factor of 2100741?
False
Is 1574276 a multiple of 814?
True
Is 28 a factor of 1349964?
True
Is 68 a factor of 841784?
False
Is 210 a factor of 5254943?
False
Is 5 a factor of 215795?
True
Is 367 a factor of 9131398?
False
Is 1611656 a multiple of 46?
True
Does 69 divide 1477962?
False
Does 125 divide 5521875?
True
Does 12 divide 609180?
True
Is 1843101 a multiple of 1593?
True
Is 6 a factor of 760390?
False
Is 447 a factor of 3706077?
True
Does 9 divide 50165?
False
Is 8 a factor of 106672?
True
Does 31 divide 169384?
True
Is 200866 a multiple of 3?
False
Is 3546185 a multiple of 4?
False
Is 47 a factor of 128404?
True
Does 60 divide 81690?
False
Is 501 a factor of 242484?
True
Is 523938 a multiple of 53?
False
Is 4491125 a multiple of 146?
False
Is 15 a factor of 4231500?
True
Is 179134 even?
True
Is 135664 a multiple of 122?
True
Is 275 a factor of 63250?
True
Is 200770 a multiple of 34?
True
Does 9 divide 907006?
False
Does 4 divide 4512?
True
Does 7 divide 16018?
False
Does 8 divide 985009?
False
Is 447 a factor of 106833?
True
Is 21648 a multiple of 528?
True
Is 64 a factor of 1263168?
True
Is 9 a factor of 227197?
False
Is 648216 a multiple of 54?
True
Is 16 a factor of 159238?
False
Does 20 divide 310200?
True
Is 877942 a multiple of 5?
False
Does 1298 divide 7481672?
True
Does 29 divide 218783?
False
Does 18 divide 981492?
False
Does 18 divide 48911?
False
Is 1374244 a multiple of 67?
False
Is 514465 a multiple of 35?
True
Is 2 a factor of 297?
False
Does 21 divide 90134?
False
Is 17 a factor of 491028?
True
Is 7246327 a multiple of 1080?
False
Is 856 a factor of 873200?
False
Is 30350 a multiple of 26?
False
Does 289 divide 3098773?
False
Does 18 divide 805140?
True
Is 363286 a multiple of 337?
True
Does 733 divide 604915?
False
Is 489762 a multiple of 338?
True
Is 27 a factor of 824078?
False
Is 3428381 a multiple of 873?
False
Is 16 a factor of 2355040?
True
Is 53092 a multiple of 26?
True
Is 608596 even?
True
Is 13190995 a multiple of 1825?
False
Is 3186225 a multiple of 289?
True
Does 59 divide 122110?
False
Is 9 a factor of 97155?
True
Does 21 divide 72576?
True
Is 59 a factor of 324736?
True
Does 6 divide 120906?
True
Is 140242 a multiple of 17?
False
Does 43 divide 4037119?
False
Is 241528 a multiple of 56?
True
Is 32 a factor of 194163?
False
Is 202037 a multiple of 326?
False
Does 510 divide 1436325?
False
Is 82730 a multiple of 175?
False
Is 88512 a multiple of 12?
True
Is 11 a factor of 5744112?
True
Is 124 a factor of 6562674?
False
Is 454829 a multiple of 333?
False
Is 52 a factor of 523328?
True
Is 7084303 a multiple of 38?
False
Does 16 divide 63312?
True
Does 35 divide 9125095?
True
Is 95 a factor of 1170071?
False
Does 12 divide 6592404?
True
Is 9163239 a multiple of 413?
False
Does 7 divide 100695?
True
Does 14 divide 22680?
True
Is 2620233 a multiple of 133?
True
Is 9 a factor of 70529?
False
Does 24 divide 166656?
True
Is 89 a factor of 47165?
False
Is 118176 a multiple of 4?
True
Is 33 a factor of 12804?
True
Does 67 divide 230279?
True
Is 52 a factor of 4219?
False
Is 285 a factor of 771104?
False
Is 2756646 a multiple of 50?
False
Is 3375840 a multiple of 780?
True
Is 41 a factor of 22512243?
False
Is 9597581 a multiple of 97?
False
Is 433386 a multiple of 22?
False
Does 5 divide 135913?
False
Does 37 divide 305899?
False
Does 456 divide 108072?
True
Is 3710252 a multiple of 364?
True
Is 118 a factor of 166498?
True
Is 91 a factor of 321776?
True
Does 4 divide 19342?
False
Is 19863 a multiple of 9?
True
Does 17 divide 70176?
True
Does 701 divide 5881110?
False
Does 243 divide 8505?
True
Is 590502 a multiple of 548?
False
Is 37 a factor of 34971?
False
Is 5079472 a multiple of 158?
False
Does 13 divide 12195673?
False
Is 453060 a multiple of 27?
True
Does 108 divide 27231?
False
Is 249 a factor of 486861?
False
Is 1738273 a multiple of 109?
False
Is 172 a factor of 894400?
True
Is 30508 a multiple of 2?
True
Is 701648 a multiple of 58?
False
Is 1255929 a multiple of 61?
True
Is 181095 a multiple of 15?
True
Does 28 divide 54739?
False
Does 24 divide 40104?
True
Is 530557 a multiple of 7?
False
Is 866154 a multiple of 88?
False
Is 6 a factor of 6162594?
True
Is 45 a factor of 195660?
True
Is 103091 a multiple of 159?
False
Is 407992 a multiple of 13?
True
Is 13 a factor of 139592?
False
Is 310470 a multiple of 10?
True
Is 151248 a multiple of 24?
True
Is 12 a factor of 9728676?
True
Is 43855 a multiple of 7?
True
Does 1753 divide 3176442?
False
Is 49 a factor of 455325?
False
Is 87 a factor of 1337364?
True
Is 3225347 a multiple of 131?
False
Is 10 a factor of 43162?
False
Does 17 divide 150841?
True
Is 69 a factor of 8709?
False
Does 14 divide 536357?
False
Is 195 a factor of 411188?
False
Is 110466 a multiple of 19?
True
Is 9 a factor of 431432?
False
Does 24 divide 9542208?
True
Is 28 a factor of 4801716?
False
Does 30 divide 89152?
False
Is 457445 a multiple of 5?
True
Is 126 a factor of 801954?
False
Does 1065 divide 9534997?
False
Is 244704 a multiple of 12?
True
Does 133 divide 8892328?
False
Is 194514 a multiple of 51?
True
Does 177 divide 26352?
False
Is 7602353 a multi